{"id":131,"date":"2012-01-16T15:03:44","date_gmt":"2012-01-16T15:03:44","guid":{"rendered":"http:\/\/gv-kaiserstuhl-bahlingen.de\/?page_id=131"},"modified":"2026-01-28T15:27:13","modified_gmt":"2026-01-28T15:27:13","slug":"test-startseite","status":"publish","type":"page","link":"https:\/\/o-ton-bahlingen.de\/","title":{"rendered":"\u00dcber uns"},"content":{"rendered":"<p>Wir sind ein gemischter Chor mit derzeit 45 S\u00e4ngerinnen und S\u00e4ngern. Mit Florian Bischof haben wir einen jungen und dynamischen Chorleiter mit vielen tollen Ideen.<\/p>\n<p>Unser Repertoire ist vielseitig &#8211; von Popmusik, Filmmusik, Gospeln bis hin zu klassischen St\u00fccken. Ob bei unseren eigenen Chorauftritten, der Mitwirkung an gr\u00f6\u00dferen Gemeinschaftskonzerten oder geselligen Begegnungen &#8211; es macht gro\u00dfe Freude gemeinsam zu singen.<\/p>\n<p>Wir freuen uns riesig und hei\u00dfen alle, die Lust haben mit uns zu singen und Spa\u00df zu haben, bei uns willkommen. Einfach Kontakt aufnehmen oder direkt zur Probe kommen.<\/p>\n<p><strong>Wo?<\/strong> Im alten Schulhaus, Weberg\u00e4ssle 3 in Bahlingen<\/p>\n<p><strong>Wann?<\/strong> Jeden Donnerstag, 20.00 Uhr<\/p>\n<p>&nbsp;<\/p>\n<p>&nbsp;<\/p>\n<h1>Dirigent<\/h1>\n<h2>Seit nun mehr als 10 Jahren unser Dirigent:<br \/>Florian Bischof<\/h2>\n<p>Florian Bischof ist ausgebildeter Chorleiter. Von St. Peter aus geht er seiner T\u00e4tigkeit bei verschiedenen Ch\u00f6ren in der Region nach und ist als Kirchenmusiker t\u00e4tig. Als Verbands-Chorleiter des Chorverbands Breisgau bildet seine Arbeit bei der Aus- und Weiterbildung von Nachwuchschorleitern einen wichtigen Schwerpunkt. Au\u00dferdem ist er als Autor und Komponist von Kindermusicals- und H\u00f6rb\u00fcchern t\u00e4tig.<\/p>\n<p>Seine musikalischen Vorlieben sind breit gef\u00e4chert: &#8222;Mir liegen alle Musikrichtungen \u2013 und am liebsten alles in einem Konzert&#8220;, so Bischof.<\/p>\n<p><a href=\"https:\/\/o-ton-bahlingen.de\/wp-content\/uploads\/2020\/10\/Bild-Florian.jpg\"><img loading=\"lazy\" decoding=\"async\" class=\"alignleft size-full wp-image-1611\" src=\"https:\/\/o-ton-bahlingen.de\/wp-content\/uploads\/2020\/10\/Bild-Florian.jpg\" alt=\"\" width=\"204\" height=\"247\" \/><\/a><\/p>\n<p style=\"text-align: left;\">Florian Bischof ist ein richtiger Allrounder, doch egal, wor\u00fcber er spricht, ihm geht es immer ums Mitrei\u00dfen und ums Begeistern.<\/p>\n<p style=\"text-align: left;\">Die Vielfalt des Liedgutes und seine kompetente und mitrei\u00dfende Art die Chorprobe zu gestalten, macht allen S\u00e4ngern &#8211; ob alt oder jung &#8211; seit 2015 unheimlich Spa\u00df!<\/p>\n<p>&nbsp;<\/p>\n<p>&nbsp;<\/p>\n<p>&nbsp;<\/p>\n<h1>Vorstandsteam<\/h1>\n\n<div class=\"wp-block-image\">\n<\/p>\n<figure class=\"alignleft size-large is-resized\"><a href=\"https:\/\/o-ton-bahlingen.de\/wp-content\/uploads\/2023\/08\/Vorstand-scaled.jpg\"><img loading=\"lazy\" decoding=\"async\" class=\"wp-image-1926\" src=\"https:\/\/o-ton-bahlingen.de\/wp-content\/uploads\/2023\/08\/Vorstand-768x1024.jpg\" alt=\"\" width=\"307\" height=\"409\" srcset=\"https:\/\/o-ton-bahlingen.de\/wp-content\/uploads\/2023\/08\/Vorstand-768x1024.jpg 768w, https:\/\/o-ton-bahlingen.de\/wp-content\/uploads\/2023\/08\/Vorstand-225x300.jpg 225w, https:\/\/o-ton-bahlingen.de\/wp-content\/uploads\/2023\/08\/Vorstand-1152x1536.jpg 1152w, https:\/\/o-ton-bahlingen.de\/wp-content\/uploads\/2023\/08\/Vorstand-1536x2048.jpg 1536w, https:\/\/o-ton-bahlingen.de\/wp-content\/uploads\/2023\/08\/Vorstand-scaled.jpg 1920w\" sizes=\"auto, (max-width: 307px) 100vw, 307px\" \/><\/a>\n<figcaption class=\"wp-element-caption\">1. Vorst\u00e4ndin Sandra Stiller-Knittel<br \/>2. Vorstand Hans V\u00f6gtlin<\/figcaption>\n<\/figure>\n<p>\n<\/div>\n\n<\/p>\n<p>&nbsp;<\/p>\n<p>1. Vorstand:\u00a0 \u00a0 \u00a0 \u00a0 \u00a0 Sandra Stiller-Knittel<\/p>\n<p>2. Vorstand:\u00a0 \u00a0 \u00a0 \u00a0 \u00a0 Hans V\u00f6gtlin\u00a0<\/p>\n<p>Kassiererin:\u00a0 \u00a0 \u00a0 \u00a0 \u00a0 \u00a0Hannelore Ernst<\/p>\n<p>Schriftf\u00fchrerin:\u00a0 \u00a0 \u00a0Sigrun B\u00fchler<\/p>\n<p>Aktive Beisitzer:\u00a0 \u00a0<br \/>Erika Keller, Frank Breisacher, Otmar Kaufmann, Jessica Hufnagel<\/p>\n<p>Passive Beisitzerin: Renate Reif<\/p>\n<p>\n\n\n<\/p>\n<figure class=\"wp-block-gallery has-nested-images columns-default is-cropped wp-block-gallery-1 is-layout-flex wp-block-gallery-is-layout-flex\"><\/figure>\n<p>\n\n\n\n<\/p>\n<p>&nbsp;<\/p>\n<p>\n\n\n<\/p>","protected":false},"excerpt":{"rendered":"<p>Wir sind ein gemischter Chor mit derzeit 45 S\u00e4ngerinnen und S\u00e4ngern. Mit Florian Bischof haben wir einen jungen und dynamischen Chorleiter mit vielen tollen Ideen. Unser Repertoire ist vielseitig &#8211; von Popmusik, Filmmusik, Gospeln bis hin zu klassischen St\u00fccken. Ob &hellip; <a href=\"https:\/\/o-ton-bahlingen.de\/\">Weiterlesen <span class=\"meta-nav\">&rarr;<\/span><\/a><\/p>\n","protected":false},"author":2,"featured_media":0,"parent":0,"menu_order":1,"comment_status":"closed","ping_status":"closed","template":"onecolumn-page.php","meta":{"footnotes":""},"class_list":["post-131","page","type-page","status-publish","hentry"],"_links":{"self":[{"href":"https:\/\/o-ton-bahlingen.de\/index.php?rest_route=\/wp\/v2\/pages\/131","targetHints":{"allow":["GET"]}}],"collection":[{"href":"https:\/\/o-ton-bahlingen.de\/index.php?rest_route=\/wp\/v2\/pages"}],"about":[{"href":"https:\/\/o-ton-bahlingen.de\/index.php?rest_route=\/wp\/v2\/types\/page"}],"author":[{"embeddable":true,"href":"https:\/\/o-ton-bahlingen.de\/index.php?rest_route=\/wp\/v2\/users\/2"}],"replies":[{"embeddable":true,"href":"https:\/\/o-ton-bahlingen.de\/index.php?rest_route=%2Fwp%2Fv2%2Fcomments&post=131"}],"version-history":[{"count":212,"href":"https:\/\/o-ton-bahlingen.de\/index.php?rest_route=\/wp\/v2\/pages\/131\/revisions"}],"predecessor-version":[{"id":2307,"href":"https:\/\/o-ton-bahlingen.de\/index.php?rest_route=\/wp\/v2\/pages\/131\/revisions\/2307"}],"wp:attachment":[{"href":"https:\/\/o-ton-bahlingen.de\/index.php?rest_route=%2Fwp%2Fv2%2Fmedia&parent=131"}],"curies":[{"name":"wp","href":"https:\/\/api.w.org\/{rel}","templated":true}]}}